{"id":12155,"date":"2023-05-20T03:04:46","date_gmt":"2023-05-20T06:04:46","guid":{"rendered":"https:\/\/sindscope.org.br\/lutas\/?page_id=12155"},"modified":"2023-05-20T03:16:28","modified_gmt":"2023-05-20T06:16:28","slug":"escola-sem-racismo","status":"publish","type":"page","link":"https:\/\/sindscope.org.br\/lutas\/escola-sem-racismo\/","title":{"rendered":"Escola Sem Racismo"},"content":{"rendered":"\t\t<div data-elementor-type=\"wp-page\" data-elementor-id=\"12155\" class=\"elementor elementor-12155\" data-elementor-post-type=\"page\">\n\t\t\t\t<div class=\"elementor-element elementor-element-d5097f9 e-flex e-con-boxed e-con e-parent\" data-id=\"d5097f9\" data-element_type=\"container\" data-e-type=\"container\">\n\t\t\t\t\t<div class=\"e-con-inner\">\n\t\t\t\t\t<\/div>\n\t\t\t\t<\/div>\n\t\t<div class=\"elementor-element elementor-element-d633b77 e-flex e-con-boxed e-con e-parent\" data-id=\"d633b77\" data-element_type=\"container\" data-e-type=\"container\">\n\t\t\t\t\t<div class=\"e-con-inner\">\n\t\t\t\t<div class=\"elementor-element elementor-element-fc34651 elementor-posts--show-thumbnail elementor-widget elementor-widget-posts\" data-id=\"fc34651\" data-element_type=\"widget\" data-e-type=\"widget\" data-settings=\"{&quot;full_content_row_gap&quot;:{&quot;unit&quot;:&quot;px&quot;,&quot;size&quot;:35,&quot;sizes&quot;:[]}}\" data-widget_type=\"posts.full_content\">\n\t\t\t\t<div class=\"elementor-widget-container\">\n\t\t\t\t\t\t\t<div class=\"elementor-posts-container elementor-posts elementor-posts--skin-full_content elementor-grid\" role=\"list\">\n\t\t\t\t<article class=\"elementor-post elementor-grid-item post-11273 post type-post status-publish format-standard has-post-thumbnail hentry category-geral tag-escola-sem-racismo\" role=\"listitem\">\n\t\t\t\t<a class=\"elementor-post__thumbnail__link\" href=\"https:\/\/sindscope.org.br\/lutas\/2-enniq-conferencia-de-abertura\/\" tabindex=\"-1\" >\n\t\t<div class=\"elementor-post__thumbnail\"><img fetchpriority=\"high\" decoding=\"async\" width=\"768\" height=\"576\" src=\"https:\/\/sindscope.org.br\/lutas\/wp-content\/uploads\/2023\/03\/20230322_210425-768x576.jpg\" class=\"attachment-medium_large size-medium_large wp-image-11274\" alt=\"\" srcset=\"https:\/\/sindscope.org.br\/lutas\/wp-content\/uploads\/2023\/03\/20230322_210425-768x576.jpg 768w, https:\/\/sindscope.org.br\/lutas\/wp-content\/uploads\/2023\/03\/20230322_210425-300x225.jpg 300w, https:\/\/sindscope.org.br\/lutas\/wp-content\/uploads\/2023\/03\/20230322_210425-1024x768.jpg 1024w, https:\/\/sindscope.org.br\/lutas\/wp-content\/uploads\/2023\/03\/20230322_210425-1536x1152.jpg 1536w, https:\/\/sindscope.org.br\/lutas\/wp-content\/uploads\/2023\/03\/20230322_210425-scaled.jpg 2048w\" sizes=\"(max-width: 768px) 100vw, 768px\" \/><\/div>\n\t\t<\/a>\n\t\t\t\t<div class=\"elementor-post__text\">\n\t\t\t\t<h3 class=\"elementor-post__title\">\n\t\t\t<a href=\"https:\/\/sindscope.org.br\/lutas\/2-enniq-conferencia-de-abertura\/\" >\n\t\t\t\t2\u00b0 ENNIQ &#8211; Confer\u00eancia de Abertura\t\t\t<\/a>\n\t\t<\/h3>\n\t\t\t\t<div class=\"elementor-post__meta-data\">\n\t\t\t\t\t<span class=\"elementor-post-date\">\n\t\t\t23\/03\/2023\t\t<\/span>\n\t\t\t\t<span class=\"elementor-post-avatar\">\n\t\t\tNenhum coment\u00e1rio\t\t<\/span>\n\t\t\t\t<\/div>\n\t\t\n<p>A Confer\u00eancia de Abertura do 2\u00b0 ENNIQ, cujo tema foi \u201cEnquanto houver racismo, n\u00e3o h\u00e1 democracia: a luta por direitos de Negres, Ind\u00edgenas e Quilombolas no Brasil\u201d,  ocorreu nesta quarta-feira (22) no audit\u00f3rio lotado do Macei\u00f3 Atlantic Suites, em Macei\u00f3-AL. Os cerca de 350 participantes desse segundo encontro de negros, ind\u00edgenas e quilombolas do Sinasefe assisistiram a duas apresenta\u00e7\u00f5es culturais e as palestras dos convidados da noite Camila F\u00e9lix e St\u00e2nio Vieira,da dire\u00e7\u00e3o nacional do SInasefe, e Elaine Lima, Ieda Leal, Leonardo P\u00e9ricles, N\u00eago Bispo e Thini\u00e1 Shakti.<\/p>\n\n\n\n<p>A programa\u00e7\u00e3o teve in\u00edcio com a homenagem \u00e0 comiss\u00e3o organizadora do encontro &#8211; dentre esses, Eliete Barbosa e Roberto Ad\u00e3o, do GT de Negras e Negros do Sindscope. Eliete explicou que a constru\u00e7\u00e3o desse processo exigiu muita aten\u00e7\u00e3o e coes\u00e3o dos participantes, j\u00e1 que as reuni\u00f5es ocorreram todas a dist\u00e2ncia: &#8220;As pessoas trabalharam em subcomiss\u00f5es e o objetivo maior era n\u00e3o perder o foco da import\u00e2ncia da quest\u00e3o a ser tratada num momento em que h\u00e1 uma grande necessidade de definir uma linha de a\u00e7\u00e3o para o desenvolvimento de uma educa\u00e7\u00e3o antirracista no conjunto das escolas federais.&#8221; Em seguida, foram apresentadas no audit\u00f3rio manifesta\u00e7\u00f5es pol\u00edtico-culturais ind\u00edgenas e afro-brasileiras de povos do estado de Alagoas. <\/p>\n\n\n\n<p>A primeira foi o Tor\u00e9 dos ind\u00edgenas da etnia Xucuru-kariri, da aldeia Mata da Cafurna, de Palmeira dos \u00cdndios-AL. Tor\u00e9, como explicam os historiadores Maria Aparecida Oliveira dos Santos e Jos\u00e9 Adelson Lopes Peixoto, \u00e9 uma &#8220;dan\u00e7a ritual\u00edstica, circular marcada por fortes pisadas com o p\u00e9 direito acompanhadas pelo som dos marac\u00e1s e \u00e9 caracterizada como marca identit\u00e1ria dos povos ind\u00edgenas.&#8221; Em apresenta\u00e7\u00f5es p\u00fablicas, como a que ocorreu durante a abertura do ENNIQ, a dan\u00e7a recebe uma conota\u00e7\u00e3o mais perform\u00e1tica, folcl\u00f3rica e festiva. Na coreografia, como puderam observar os presentes, o c\u00edrculo gira sempre para o lado direito para evocar as for\u00e7as positivas sobre os seus participantes. Foi o que pareceu acontecer: o audit\u00f3rio lotado, completamente absorto pelo conhecimento ancestral e a energia de luta daquele povo. <\/p>\n\n\n\n<p>Al\u00e9m de realizarem o ritual, os ind\u00edgenas denunciaram as dificuldades que vivenciam e sua forma de resist\u00eancia frente ao racismo e as estrat\u00e9gias genocidas a que est\u00e3o expostas as comunidades tradicionais de pretos e origin\u00e1rios no Brasil. Tamb\u00e9m salientaram que negros e ind\u00edgenas travam cada grupo as suas lutas, mas seguem juntos em todas as batalhas.<\/p>\n\n\n\n<p>A segunda foi a sauda\u00e7\u00e3o afrorreferenciada do tradicional grupo de afox\u00e9 Ofa Omim, de Alagoas, que chamou o p\u00fablico para reverenciar a ancestralidade africana, saudar a caminhada dos presentes e apontar caminhos para a luta antirracista atrav\u00e9s de c\u00e2nticos para os Orix\u00e1s Exu, Ogun, Ians\u00e3, LogunEd\u00e9 e Xang\u00f4.<\/p>\n\n\n\n<p>Encerradas as sauda\u00e7\u00f5es, por volta das 21 horas teve in\u00edcio a Confer\u00eancia de Abertura.Os quatro palestrantes foram N\u00eago Bispo (escritor formado no Quilombo Saco-Curtume, de S\u00e3o Jo\u00e3o do Piau\u00ed-PI), Thini\u00e1 Shakti (educadora, ativista e Coordenadora do Movimento Ind\u00edgena), Ieda Leal (Coordenadora Nacional do Movimento Negro Unificado) e Leonardo P\u00e9ricles (Presidente Nacional da Unidade Popular, integrante do Movimento de Luta nos Bairros, Vilas e Favelas).<\/p>\n\t\t<\/div>\n\t\t\t\t<\/article>\n\t\t\t\t<\/div>\n\t\t\n\t\t\t\t\t\t<\/div>\n\t\t\t\t<\/div>\n\t\t\t\t\t<\/div>\n\t\t\t\t<\/div>\n\t\t\t\t<\/div>\n\t\t","protected":false},"excerpt":{"rendered":"","protected":false},"author":2,"featured_media":0,"parent":0,"menu_order":0,"comment_status":"closed","ping_status":"closed","template":"","meta":{"site-sidebar-layout":"no-sidebar","site-content-layout":"page-builder","ast-site-content-layout":"default","site-content-style":"default","site-sidebar-style":"default","ast-global-header-display":"","ast-banner-title-visibility":"","ast-main-header-display":"","ast-hfb-above-header-display":"","ast-hfb-below-header-display":"","ast-hfb-mobile-header-display":"","site-post-title":"disabled","ast-breadcrumbs-content":"","ast-featured-img":"disabled","footer-sml-layout":"","ast-disable-related-posts":"","theme-transparent-header-meta":"","adv-header-id-meta":"","stick-header-meta":"","header-above-stick-meta":"","header-main-stick-meta":"","header-below-stick-meta":"","astra-migrate-meta-layouts":"default","ast-page-background-enabled":"default","ast-page-background-meta":{"desktop":{"background-color":"var(--ast-global-color-4)","background-image":"","background-repeat":"repeat","background-position":"center center","background-size":"auto","background-attachment":"scroll","background-type":"","background-media":"","overlay-type":"","overlay-color":"","overlay-opacity":"","overlay-gradient":""},"tablet":{"background-color":"","background-image":"","background-repeat":"repeat","background-position":"center center","background-size":"auto","background-attachment":"scroll","background-type":"","background-media":"","overlay-type":"","overlay-color":"","overlay-opacity":"","overlay-gradient":""},"mobile":{"background-color":"","background-image":"","background-repeat":"repeat","background-position":"center center","background-size":"auto","background-attachment":"scroll","background-type":"","background-media":"","overlay-type":"","overlay-color":"","overlay-opacity":"","overlay-gradient":""}},"ast-content-background-meta":{"desktop":{"background-color":"var(--ast-global-color-5)","background-image":"","background-repeat":"repeat","background-position":"center center","background-size":"auto","background-attachment":"scroll","background-type":"","background-media":"","overlay-type":"","overlay-color":"","overlay-opacity":"","overlay-gradient":""},"tablet":{"background-color":"var(--ast-global-color-5)","background-image":"","background-repeat":"repeat","background-position":"center center","background-size":"auto","background-attachment":"scroll","background-type":"","background-media":"","overlay-type":"","overlay-color":"","overlay-opacity":"","overlay-gradient":""},"mobile":{"background-color":"var(--ast-global-color-5)","background-image":"","background-repeat":"repeat","background-position":"center center","background-size":"auto","background-attachment":"scroll","background-type":"","background-media":"","overlay-type":"","overlay-color":"","overlay-opacity":"","overlay-gradient":""}},"footnotes":""},"class_list":["post-12155","page","type-page","status-publish","hentry"],"aioseo_notices":[],"_links":{"self":[{"href":"https:\/\/sindscope.org.br\/lutas\/wp-json\/wp\/v2\/pages\/12155","targetHints":{"allow":["GET"]}}],"collection":[{"href":"https:\/\/sindscope.org.br\/lutas\/wp-json\/wp\/v2\/pages"}],"about":[{"href":"https:\/\/sindscope.org.br\/lutas\/wp-json\/wp\/v2\/types\/page"}],"author":[{"embeddable":true,"href":"https:\/\/sindscope.org.br\/lutas\/wp-json\/wp\/v2\/users\/2"}],"replies":[{"embeddable":true,"href":"https:\/\/sindscope.org.br\/lutas\/wp-json\/wp\/v2\/comments?post=12155"}],"version-history":[{"count":10,"href":"https:\/\/sindscope.org.br\/lutas\/wp-json\/wp\/v2\/pages\/12155\/revisions"}],"predecessor-version":[{"id":12167,"href":"https:\/\/sindscope.org.br\/lutas\/wp-json\/wp\/v2\/pages\/12155\/revisions\/12167"}],"wp:attachment":[{"href":"https:\/\/sindscope.org.br\/lutas\/wp-json\/wp\/v2\/media?parent=12155"}],"curies":[{"name":"wp","href":"https:\/\/api.w.org\/{rel}","templated":true}]}}